681.
65
What is the remainder when 13396214 is divided by 108?
2
What is the remainder when 162291 is divided by 49?
3
Calculate the remainder when 386685106 is divided by 8234.
8232
What is the remainder when 27026492 is divided by 105?
17
Calculate the remainder when 33631195 is divided by 1149.
1114
Calculate the remainder when 224325 is divided by 4869.
351
What is the remainder when 194057 is divided by 32255?
527
Calculate the remainder when 115838 is divided by 27486.
5894
What is the remainder when 1081927 is divided by 30907?
182
What is the remainder when 534772 is divided by 15886?
10534
Calculate the remainder when 7426 is divided by 5345.
2081
What is the remainder when 198085 is divided by 267?
238
What is the remainder when 2304249 is divided by 128?
121
Calculate the remainder when 5127032 is divided by 3781.
3777
What is the remainder when 1869725 is divided by 849?
227
What is the remainder when 48457797 is divided by 379?
373
What is the remainder when 906142 is divided by 162?
76
Calculate the remainder when 3779623 is divided by 85897.
155
Calculate the remainder when 4408041 is divided by 209904.
57
Calculate the remainder when 2530805 is divided by 843582.
59
Calculate the remainder when 350823 is divided by 1557.
498
Calculate the remainder when 13997192 is divided by 147.
146
What is the remainder when 75056 is divided by 461?
374
Calculate the remainder when 962552 is divided by 96247.
82
What is the remainder when 75308428 is divided by 28?
20
Calculate the remainder when 32597671 is divided by 2173178.
1
Calculate the remainder when 12546 is divided by 5350.
1846
What is the remainder when 1817103 is divided by 3280?
3263
Calculate the remainder when 18081953 is divided by 2409.
2408
What is the remainder when 850410 is divided by 400?
10
What is the remainder when 1144535 is divided by 178?
173
What is the remainder when 5837876 is divided by 27?
17
What is the remainder when 3803127 is divided by 548?
7
What is the remainder when 141575045 is divided by 2359584?
5
Calculate the remainder when 14051616 is divided by 45182.
14
Calculate the remainder when 33156951 is divided by 50.
1
What is the remainder when 1135516698 is divided by 33?
30
Calculate the remainder when 7233642 is divided by 904199.
50
What is the remainder when 1729844447 is divided by 5575?
5572
Calculate the remainder when 1076548 is divided by 3725.
23
What is the remainder when 13265985 is divided by 49?
19
Calculate the remainder when 5714548 is divided by 47.
6
What is the remainder when 23362750 is divided by 32?
30
What is the remainder when 4058564 is divided by 5?
4
Calculate the remainder when 6501553 is divided by 64.
49
Calculate the remainder when 3903466 is divided by 650511.
400
Calculate the remainder when 19092969 is divided by 180122.
37
Calculate the remainder when 156539267 is divided by 14.
3
What is the remainder when 343743 is divided by 5714?
903
What is the remainder when 1904534 is divided by 634571?
821
Calculate the remainder when 1074994 is divided by 119334.
988
Calculate the remainder when 231589 is divided by 3405.
49
Calculate the remainder when 28829 is divided by 9532.
233
Calculate the remainder when 714873 is divided by 11346.
75
Calculate the remainder when 106149883 is divided by 321.
319
What is the remainder when 703490 is divided by 685?
680
What is the remainder when 873843910 is divided by 83?
73
Calculate the remainder when 3856895 is divided by 3856880.
15
What is the remainder when 95919460 is divided by 6582?
6556
Calculate the remainder when 1605825 is divided by 140.
25
What is the remainder when 45645 is divided by 3?
0
Calculate the remainder when 43743 is divided by 8722.
133
Calculate the remainder when 100478 is divided by 100317.
161
Calculate the remainder when 5001240 is divided by 222.
24
Calculate the remainder when 12247 is divided by 532.
11
Calculate the remainder when 24987 is divided by 5618.
2515
Calculate the remainder when 3284160 is divided by 29.
26
Calculate the remainder when 29690 is divided by 3695.
130
What is the remainder when 3771946 is divided by 2614?
2558
Calculate the remainder when 7445669 is divided by 30.
29
What is the remainder when 304325787 is divided by 130668?
15
Calculate the remainder when 4010658 is divided by 668440.
18
What is the remainder when 2880264 is divided by 301?
296
Calculate the remainder when 6308632 is divided by 153869.
3
What is the remainder when 325647 is divided by 1950?
1947
What is the remainder when 5794144 is divided by 23?
7
Calculate the remainder when 45561134 is divided by 23.
20
Calculate the remainder when 4124793 is divided by 824949.
48
What is the remainder when 1099999 is divided by 274952?
191
Calculate the remainder when 770448 is divided by 384454.
1540
What is the remainder when 212439 is divided by 3623?
2305
Calculate the remainder when 14655247 is divided by 88.
79
What is the remainder when 13451 is divided by 28?
11
What is the remainder when 57065204 is divided by 334?
302
What is the remainder when 937257 is divided by 22310?
237
Calculate the remainder when 302189581 is divided by 19.
15
What is the remainder when 18541 is divided by 10?
1
Calculate the remainder when 145188 is divided by 81.
36
What is the remainder when 2941 is divided by 1045?
851
Calculate the remainder when 555795 is divided by 29252.
7
Calculate the remainder when 331128 is divided by 385.
28
What is the remainder when 4700728 is divided by 235?
23
What is the remainder when 60469 is divided by 29979?
511
What is the remainder when 11557 is divided by 3286?
1699
What is the remainder when 111272 is divided by 110997?
275
What is the remainder when 168687 is divided by 168232?
455
What is the remainder when 327441 is divided by 32069?
6751
Calculate the remainder when 1665828 is divided by 72427.
7
Calculate the remainder when 45081121 is divided by 13417.
1
Calculate the remainder when 415391 is divided by 287.
102
Calculate the remainder when 163504 is divided by 155.
134
Calculate the remainder when 1832305 is divided by 1832284.
21
What is the remainder when 123809427 is divided by 15?
12
What is the remainder when 7767457 is divided by 554818?
5
What is the remainder when 129829 is divided by 65?
24
What is the remainder when 6274642 is divided by 146?
0
What is the remainder when 818825278 is divided by 5047?
5045
What is the remainder when 53430154 is divided by 17810043?
25
What is the remainder when 15278406 is divided by 5572?
5554
Calculate the remainder when 343957 is divided by 49136.
5
What is the remainder when 4866777 is divided by 1831?
1810
Calculate the remainder when 42916846 is divided by 227.
226
Calculate the remainder when 12552313 is divided by 26315.
58
What is the remainder when 447569 is divided by 1963?
5
Calculate the remainder when 2121766 is divided by 1060862.
42
Calculate the remainder when 6415311 is divided by 8693.
8570
What is the remainder when 71758 is divided by 2643?
397
Calculate the remainder when 854742 is divided by 17741.
3174
Calculate the remainder when 772704 is divided by 257489.
237
What is the remainder when 36083697 is divided by 9020917?
29
Calculate the remainder when 65686 is divided by 756.
670
What is the remainder when 47824399 is divided by 34?
33
What is the remainder when 136982 is divided by 27317?
397
Calculate the remainder when 13007175 is divided by 341.
71
What is the remainder when 598413 is divided by 581?
564
Calculate the remainder when 48369149 is divided by 30986.
3
What is the remainder when 153495312 is divided by 1961?
1959
What is the remainder when 281787 is divided by 8346?
6369
What is the remainder when 29767352 is divided by 21?
20
Calculate the remainder when 5402102 is divided by 23385.
167
Calculate the remainder when 5145 is divided by 2473.
199
Calculate the remainder when 462660 is divided by 51385.
195
Calculate the remainder when 2014593 is divided by 223843.
6
What is the remainder when 2231927 is divided by 323?
320
Calculate the remainder when 3046864 is divided by 17.
5
What is the remainder when 51598 is divided by 48773?
2825
Calculate the remainder when 228562 is divided by 45690.
112
What is the remainder when 5586245 is divided by 558